{"id":21,"date":"2025-01-20T13:23:31","date_gmt":"2025-01-20T13:23:31","guid":{"rendered":"https:\/\/www.gfabbigliamento.it\/sito\/?page_id=21"},"modified":"2025-02-14T08:09:45","modified_gmt":"2025-02-14T08:09:45","slug":"condizioni-di-vendita","status":"publish","type":"page","link":"https:\/\/www.gfabbigliamento.it\/sito\/condizioni-di-vendita\/","title":{"rendered":"Condizioni di vendita"},"content":{"rendered":"<div class=\"fusion-fullwidth fullwidth-box fusion-builder-row-1 fusion-flex-container has-pattern-background has-mask-background nonhundred-percent-fullwidth non-hundred-percent-height-scrolling\" style=\"--awb-border-radius-top-left:0px;--awb-border-radius-top-right:0px;--awb-border-radius-bottom-right:0px;--awb-border-radius-bottom-left:0px;--awb-flex-wrap:wrap;\" ><div class=\"fusion-builder-row fusion-row fusion-flex-align-items-flex-start fusion-flex-content-wrap\" style=\"max-width:1248px;margin-left: calc(-4% \/ 2 );margin-right: calc(-4% \/ 2 );\"><div class=\"fusion-layout-column fusion_builder_column fusion-builder-column-0 fusion_builder_column_1_6 1_6 fusion-flex-column\" style=\"--awb-bg-size:cover;--awb-width-large:16.666666666667%;--awb-margin-top-large:0px;--awb-spacing-right-large:11.52%;--awb-margin-bottom-large:20px;--awb-spacing-left-large:11.52%;--awb-width-medium:16.666666666667%;--awb-order-medium:0;--awb-spacing-right-medium:11.52%;--awb-spacing-left-medium:11.52%;--awb-width-small:100%;--awb-order-small:0;--awb-spacing-right-small:1.92%;--awb-spacing-left-small:1.92%;\"><div class=\"fusion-column-wrapper fusion-column-has-shadow fusion-flex-justify-content-flex-start fusion-content-layout-column\"><\/div><\/div><div class=\"fusion-layout-column fusion_builder_column fusion-builder-column-1 fusion_builder_column_2_3 2_3 fusion-flex-column\" style=\"--awb-bg-size:cover;--awb-width-large:66.666666666667%;--awb-margin-top-large:0px;--awb-spacing-right-large:2.88%;--awb-margin-bottom-large:20px;--awb-spacing-left-large:2.88%;--awb-width-medium:66.666666666667%;--awb-order-medium:0;--awb-spacing-right-medium:2.88%;--awb-spacing-left-medium:2.88%;--awb-width-small:100%;--awb-order-small:0;--awb-spacing-right-small:1.92%;--awb-spacing-left-small:1.92%;\"><div class=\"fusion-column-wrapper fusion-column-has-shadow fusion-flex-justify-content-flex-start fusion-content-layout-column\"><div class=\"fusion-text fusion-text-1\"><h2 data-pm-slice=\"0 0 &#091;&#093;\"><strong>Condizioni di Vendita GF Abbigliamento<br \/>\n<\/strong><\/h2>\n<h3 data-pm-slice=\"0 0 &#091;&#093;\"><strong>Come ordinare i capi<br \/>\n<\/strong><\/h3>\n<p>Per ordinare i capi \u00e8 necessario inviare le foto dei capi a cui si \u00e8 interessati al numero WhatsApp 3496941256 specificando se necessario taglia, colore etc..<br \/>\nVerrete ricontattati quanto prima al fine di darvi le disponibilit\u00e0 dei capi da Voi richiesti.<\/p>\n<h3><strong>Modalit\u00e0 di pagamento<\/strong><\/h3>\n<p>Si accettano pagamenti tramite bonifico bancario o tramite paypal.<\/p>\n<h3><strong>Tempistiche e corriere<\/strong><\/h3>\n<p>Le spedizioni tramite corriere GLS, partono dal nostro magazzino entro 2\/3 giorni lavorativi dalla\u00a0ricezione del pagamento.<br \/>\nIl corriere invier\u00e0 una mail al cliente riguardo tutte le info relative allo stato della spedizione.<\/p>\n<h3><strong>Costi di spedizione<\/strong><\/h3>\n<p>I costi di spedizione per gli abitanti della penisola italiana sono di 5,00\u20ac.<br \/>\nIl costo di spedizione per le isole Sicilia Sardegna e Calabria \u00e8 di 10,00\u20ac.<br \/>\nLa spedizione ha un costo fisso di 15,00\u20ac per i CAP remoti.<br \/>\nAlcuni CAP pi\u00f9 remoti (Murano, Burano, Lido di Venezia e Centro storico di Venezia) prevedono una spedizione del costo fisso di 15,00\u20ac.<\/p>\n<h3><strong>Ritiro presso uno dei nostri mercati<\/strong><\/h3>\n<p>Qualora abitassi nei dintorni e volessi ritirare al mercato, ti baster\u00e0 specificare al momento dell&#8217; ordine in quale mercato verrai a ritirare la merce ordinata.<br \/>\nSiamo presenti nei mercati di Montebelluna (mercoled\u00ec), Noale (gioved\u00ec), Conegliano (venerd\u00ec) e Piombino Dese (sabato).<\/p>\n<h3><strong>Politiche di reso<\/strong><\/h3>\n<p>Il reso deve essere effettuato entro 15 giorni dall&#8217; arrivo dell\u2019ordine per essere considerato valido, pu\u00f2 essere effettuato presso uno dei nostri mercati settimanali oppure tramite il servizio di spedizione. E&#8217; prevista anche la possibilit\u00e0 di richiedere un buono ( servizio previsto solo<br \/>\nper acquisto online) che verr\u00e0 erogato a seguito della ricezione della merce e del suo controllo, con validit\u00e0 di tre mesi e non valevole nel periodo di saldi o promozioni.<br \/>\nTutte le spese di spedizione per effettuare il reso sono sempre a carico del cliente, tranne nel caso di errori da parte nostra, come l\u2019inserimento nel pacco di un capo sbagliato a livello di colore o di taglia o nel caso questo sia fallato.<\/p>\n<h3><strong>Come procedere al reso<\/strong><\/h3>\n<p>Ti consigliamo di effettuarlo tramite le Poste con il metodo Posta4, il pi\u00f9 economico in Italia, altrimenti potrai farlo con qualsiasi altro corriere.<\/p>\n<p>L\u2019indirizzo a cui rendere la merce \u00e8 il seguente:<br \/>\nGf abbigliamento<br \/>\nc\/o Gamma Salotti<br \/>\nVia Gaffarello 63<br \/>\n35010 Borgoricco (PD)<\/p>\n<\/div><\/div><\/div><div class=\"fusion-layout-column fusion_builder_column fusion-builder-column-2 fusion_builder_column_1_6 1_6 fusion-flex-column\" style=\"--awb-bg-size:cover;--awb-width-large:16.666666666667%;--awb-margin-top-large:0px;--awb-spacing-right-large:11.52%;--awb-margin-bottom-large:20px;--awb-spacing-left-large:11.52%;--awb-width-medium:16.666666666667%;--awb-order-medium:0;--awb-spacing-right-medium:11.52%;--awb-spacing-left-medium:11.52%;--awb-width-small:100%;--awb-order-small:0;--awb-spacing-right-small:1.92%;--awb-spacing-left-small:1.92%;\"><div class=\"fusion-column-wrapper fusion-column-has-shadow fusion-flex-justify-content-flex-start fusion-content-layout-column\"><\/div><\/div><\/div><\/div>\n","protected":false},"excerpt":{"rendered":"","protected":false},"author":2,"featured_media":0,"parent":0,"menu_order":0,"comment_status":"closed","ping_status":"closed","template":"100-width.php","meta":{"footnotes":""},"class_list":["post-21","page","type-page","status-publish","hentry"],"_links":{"self":[{"href":"https:\/\/www.gfabbigliamento.it\/sito\/wp-json\/wp\/v2\/pages\/21","targetHints":{"allow":["GET"]}}],"collection":[{"href":"https:\/\/www.gfabbigliamento.it\/sito\/wp-json\/wp\/v2\/pages"}],"about":[{"href":"https:\/\/www.gfabbigliamento.it\/sito\/wp-json\/wp\/v2\/types\/page"}],"author":[{"embeddable":true,"href":"https:\/\/www.gfabbigliamento.it\/sito\/wp-json\/wp\/v2\/users\/2"}],"replies":[{"embeddable":true,"href":"https:\/\/www.gfabbigliamento.it\/sito\/wp-json\/wp\/v2\/comments?post=21"}],"version-history":[{"count":2,"href":"https:\/\/www.gfabbigliamento.it\/sito\/wp-json\/wp\/v2\/pages\/21\/revisions"}],"predecessor-version":[{"id":33,"href":"https:\/\/www.gfabbigliamento.it\/sito\/wp-json\/wp\/v2\/pages\/21\/revisions\/33"}],"wp:attachment":[{"href":"https:\/\/www.gfabbigliamento.it\/sito\/wp-json\/wp\/v2\/media?parent=21"}],"curies":[{"name":"wp","href":"https:\/\/api.w.org\/{rel}","templated":true}]}}

<div class="fusion-fullwidth fullwidth-box fusion-builder-row-1 fusion-flex-container has-pattern-background has-mask-background nonhundred-percent-fullwidth non-hundred-percent-height-scrolling" style="--awb-border-radius-top-left:0px;--awb-border-radius-top-right:0px;--awb-border-radius-bottom-right:0px;--awb-border-radius-bottom-left:0px;--awb-flex-wrap:wrap;" ><div class="fusion-builder-row fusion-row fusion-flex-align-items-flex-start fusion-flex-content-wrap" style="max-width:1248px;margin-left: calc(-4% / 2 );margin-right: calc(-4% / 2 );"><div class="fusion-layout-column fusion_builder_column fusion-builder-column-0 fusion_builder_column_1_6 1_6 fusion-flex-column" style="--awb-bg-size:cover;--awb-width-large:16.666666666667%;--awb-margin-top-large:0px;--awb-spacing-right-large:11.52%;--awb-margin-bottom-large:20px;--awb-spacing-left-large:11.52%;--awb-width-medium:16.666666666667%;--awb-order-medium:0;--awb-spacing-right-medium:11.52%;--awb-spacing-left-medium:11.52%;--awb-width-small:100%;--awb-order-small:0;--awb-spacing-right-small:1.92%;--awb-spacing-left-small:1.92%;"><div class="fusion-column-wrapper fusion-column-has-shadow fusion-flex-justify-content-flex-start fusion-content-layout-column"></div></div><div class="fusion-layout-column fusion_builder_column fusion-builder-column-1 fusion_builder_column_2_3 2_3 fusion-flex-column" style="--awb-bg-size:cover;--awb-width-large:66.666666666667%;--awb-margin-top-large:0px;--awb-spacing-right-large:2.88%;--awb-margin-bottom-large:20px;--awb-spacing-left-large:2.88%;--awb-width-medium:66.666666666667%;--awb-order-medium:0;--awb-spacing-right-medium:2.88%;--awb-spacing-left-medium:2.88%;--awb-width-small:100%;--awb-order-small:0;--awb-spacing-right-small:1.92%;--awb-spacing-left-small:1.92%;"><div class="fusion-column-wrapper fusion-column-has-shadow fusion-flex-justify-content-flex-start fusion-content-layout-column"><div class="fusion-text fusion-text-1"><h2 data-pm-slice="0 0 &#091;&#093;"><strong>Condizioni di Vendita GF Abbigliamento<br />
</strong></h2>
<h3 data-pm-slice="0 0 &#091;&#093;"><strong>Come ordinare i capi<br />
</strong></h3>
<p>Per ordinare i capi è necessario inviare le foto dei capi a cui si è interessati al numero WhatsApp 3496941256 specificando se necessario taglia, colore etc..<br />
Verrete ricontattati quanto prima al fine di darvi le disponibilità dei capi da Voi richiesti.</p>
<h3><strong>Modalità di pagamento</strong></h3>
<p>Si accettano pagamenti tramite bonifico bancario o tramite paypal.</p>
<h3><strong>Tempistiche e corriere</strong></h3>
<p>Le spedizioni tramite corriere GLS, partono dal nostro magazzino entro 2/3 giorni lavorativi dalla ricezione del pagamento.<br />
Il corriere invierà una mail al cliente riguardo tutte le info relative allo stato della spedizione.</p>
<h3><strong>Costi di spedizione</strong></h3>
<p>I costi di spedizione per gli abitanti della penisola italiana sono di 5,00€.<br />
Il costo di spedizione per le isole Sicilia Sardegna e Calabria è di 10,00€.<br />
La spedizione ha un costo fisso di 15,00€ per i CAP remoti.<br />
Alcuni CAP più remoti (Murano, Burano, Lido di Venezia e Centro storico di Venezia) prevedono una spedizione del costo fisso di 15,00€.</p>
<h3><strong>Ritiro presso uno dei nostri mercati</strong></h3>
<p>Qualora abitassi nei dintorni e volessi ritirare al mercato, ti basterà specificare al momento dell&#8217; ordine in quale mercato verrai a ritirare la merce ordinata.<br />
Siamo presenti nei mercati di Montebelluna (mercoledì), Noale (giovedì), Conegliano (venerdì) e Piombino Dese (sabato).</p>
<h3><strong>Politiche di reso</strong></h3>
<p>Il reso deve essere effettuato entro 15 giorni dall&#8217; arrivo dell’ordine per essere considerato valido, può essere effettuato presso uno dei nostri mercati settimanali oppure tramite il servizio di spedizione. E&#8217; prevista anche la possibilità di richiedere un buono ( servizio previsto solo<br />
per acquisto online) che verrà erogato a seguito della ricezione della merce e del suo controllo, con validità di tre mesi e non valevole nel periodo di saldi o promozioni.<br />
Tutte le spese di spedizione per effettuare il reso sono sempre a carico del cliente, tranne nel caso di errori da parte nostra, come l’inserimento nel pacco di un capo sbagliato a livello di colore o di taglia o nel caso questo sia fallato.</p>
<h3><strong>Come procedere al reso</strong></h3>
<p>Ti consigliamo di effettuarlo tramite le Poste con il metodo Posta4, il più economico in Italia, altrimenti potrai farlo con qualsiasi altro corriere.</p>
<p>L’indirizzo a cui rendere la merce è il seguente:<br />
Gf abbigliamento<br />
c/o Gamma Salotti<br />
Via Gaffarello 63<br />
35010 Borgoricco (PD)</p>
</div></div></div><div class="fusion-layout-column fusion_builder_column fusion-builder-column-2 fusion_builder_column_1_6 1_6 fusion-flex-column" style="--awb-bg-size:cover;--awb-width-large:16.666666666667%;--awb-margin-top-large:0px;--awb-spacing-right-large:11.52%;--awb-margin-bottom-large:20px;--awb-spacing-left-large:11.52%;--awb-width-medium:16.666666666667%;--awb-order-medium:0;--awb-spacing-right-medium:11.52%;--awb-spacing-left-medium:11.52%;--awb-width-small:100%;--awb-order-small:0;--awb-spacing-right-small:1.92%;--awb-spacing-left-small:1.92%;"><div class="fusion-column-wrapper fusion-column-has-shadow fusion-flex-justify-content-flex-start fusion-content-layout-column"></div></div></div></div>
